e -1*(-2 + -1 - -3). Suppose 3*o - 2*o - 53 = a. Is o composite?
False
Let x = -23 - -33. Let j = 29 - x. Is j composite?
False
Suppose v + 3*y = 3*v - 161, v - 2*y - 81 = 0. Is v a composite number?
False
Suppose 7*j + 237 - 3240 = 0. Let o = 285 + -523. Let g = j + o. Is g a prime number?
True
Let z = -179 + 406. Suppose 5*y - 348 = z. Is y a prime number?
False
Let k = 1 - -9. Is ((-4775)/k)/(2/(-4)) composite?
True
Suppose -2*z + 3334 = 5*q, 4*z + q - 8079 = -1447. Is z a composite number?
False
Suppose -9 = 4*l - 33. Let q be l + -3 + 1 - -2. Is (4/q)/(8/300) a prime number?
False
Let o = 247 - 104. Is o composite?
True
Suppose -7*p = -6*p - 217. Is p composite?
True
Suppose -4*t - 443 = -3*p, -202 - 357 = -4*p - t. Let l = 28 - p. Let r = l + 180. Is r a composite number?
False
Let w(g) = g**3 - g**2 - g + 190. Let z be w(0). Suppose 28 + z = 2*d. Is d composite?
False
Suppose 5 + 7 = 4*k. Suppose 0 = 5*a + 2*g - g - 237, 0 = -a + 3*g + 41. Suppose -k*f = -100 - a. Is f a prime number?
False
Suppose -14*p + 75 = -13*p. Is 7/(7/p) + 4 a prime number?
True
Let q(s) = -s**2 + 4*s + 1. Let u be q(3). Let o = u + -4. Is 11 - (0 - o)/3 composite?
False
Let z = 6 + -4. Suppose 0 = -4*y - 20, -z*v + 0*y + 15 = -3*y. Suppose -4*h + s + 77 = v, h + 2*s = 4*h - 59. Is h a composite number?
False
Suppose 1061 = 25*h - 24*h. Is h composite?
False
Let r(j) = -18*j + 1. Let o(f) = -54*f + 3. Let x(g) = -3*o(g) + 8*r(g). Is x(3) prime?
True
Let f be (-2 - 642/(-3)) + 1. Suppose -94 - f = -u. Is u a composite number?
False
Suppose 5*b - 1261 = 934. Is b a prime number?
True
Let o(r) = -18*r - 1. Is o(-5) prime?
True
Suppose 2*r = -5*x + 7*r + 1865, -x - 4*r = -348. Let b = x + 3. Is b a prime number?
False
Let o = -45 - -215. Let n = 241 - o. Is n composite?
False
Let z(o) = o**2 + 5*o + 3. Let s be z(-5). Suppose 0 = 8*w - s*w. Suppose -6*y + y + 110 = w. Is y composite?
True
Suppose 2*g - 2400 = -2*s, -4*s + 1 + 7 = 0. Is g a composite number?
True
Let w(r) = r**3 - 7*r**2 - 7*r - 6. Let f be w(8). Let c(o) = -o**3 + 4*o**2 + 2. Is c(f) prime?
False
Suppose 2 = -3*r + 11. Suppose 272 = r*w - 5*g + 861, 4*g = 3*w + 584. Let h = -45 - w. Is h composite?
True
Let i = 2009 + -1102. Is i composite?
False
Let h(o) = -130*o - 3. Let x be h(-3). Suppose 0 = -5*c + x - 92. Is c composite?
False
Let y(p) = 4*p**3 + 14*p**2 - 15*p - 2. Let r(h) = h**3 + h**2 - h + 1. Let a(s) = 5*r(s) - y(s). Is a(8) a composite number?
False
Let j(a) = a**3 + 4*a**2 - 2*a - 6. Let r be j(-4). Let b = -4 + r. Is (8 - b) + -1 + 1 a prime number?
False
Let p = -98 - -181. Is p a prime number?
True
Let b(w) = 11*w**2 - 35*w + 30. Let z(t) = -4*t**2 + 12*t - 10. Let v(h) = 3*b(h) + 8*z(h). Is v(9) prime?
False
Suppose -2674 = -a - a. Is a prime?
False
Let u(o) = o + 6. Let s = -8 - 0. Let k be u(s). Let f = 9 + k. Is f prime?
True
Let i = 22 + -8. Is i a composite number?
True
Suppose 5*h - 2*h - 103 = -i, 0 = -5*i + h + 451. Suppose 0 = 2*s - 13 - i. Is s - 2*2/(-4) prime?
True
Suppose 13 = 2*q + 7. Suppose 109 - 310 = -q*h. Is h prime?
True
Suppose 2*g - 645 = n + 698, 5*g - 3359 = 2*n. Is g a composite number?
False
Let o(w) = 19*w - 3. Let t(u) = 19*u - 2. Let k(a) = 5*o(a) - 6*t(a). Let x be k(-2). Is (x/1)/(1 - 0) composite?
True
Let q(s) = s**3 - 8*s**2 + 12*s - 5. Let w be q(8). Suppose z - 2*b - 27 = 0, 4*z + b = -z + w. Is z a composite number?
False
Suppose 5*s = 474 + 96. Suppose 820 = 2*u + s. Is u prime?
True
Let c be 1/2 + (-227)/(-2). Suppose -3*j - c = -3*w, w - 5*j + j - 44 = 0. Let m = w + -15. Is m a prime number?
False
Let v(g) = -g**2 - 4*g - 2. Let y be v(-3). Let h = 3 + y. Suppose 4*r - u = 210, -5*u = -h*r - 2*u + 206. Is r a composite number?
False
Let v(d) = -26*d**2 + 2. Let z be v(3). Is 20/8*z/(-10) a composite number?
True
Let x = -157 - -79. Let t = x - -131. Is t prime?
True
Let b(t) = -t + 16. Let v be b(12). Suppose -3*k + 112 = j, 3*j - 184 = -5*k + v*j. Is k a prime number?
True
Let y = 923 + -612. Is y composite?
False
Let k = -2865 - -4994. Is k composite?
False
Suppose -3*j + j = 3*a - 2755, j = -4*a + 3670. Is a prime?
False
Is ((-60)/(-27) - 2) + 36741/27 prime?
True
Let y(t) = -t**3 + 6*t**2 - 1. Let f(g) = -g. Let s(v) = -4*f(v) - y(v). Is s(6) a composite number?
True
Let s(w) = -1109*w + 12. Is s(-1) a composite number?
True
Let w(p) be the third derivative of -p**6/120 - p**5/20 + p**4/8 + p**3/3 - p**2. Is w(-5) prime?
True
Let f = 37 + 28. Let m = -161 + 183. Let w = f - m. Is w composite?
False
Let m = -66 + 35. Let l = -18 - m. Is l prime?
True
Let d(m) = 18*m**2 - m. Suppose 9 - 1 = 4*i. Suppose 2*r - 2 = -4*s, -2*r - 3*r - 7 = -i*s. Is d(r) a prime number?
True
Let k = -3 - -5. Let m(y) = 3*y**2 + 12*y + 14. Let t be m(17). Suppose k*u = -3*u + t. Is u a composite number?
True
Let r(q) = 7*q**3 - q**2 - q + 1. Let a be r(1). Is a*(-3)/(-6) + 18 prime?
False
Let u be -1 + (-2 + -8)/(-2). Suppose 0*k - 12 = 4*k, u*w - 17 = 3*k. Suppose w*b - 3 = 1. Is b prime?
True
Let n be (-11)/(-2) - (-9)/(-6). Let z be (-3)/9*0 - n. Let i = 15 - z. Is i prime?
True
Let o be (12/5)/((-2)/(-55)). Suppose -2*v + 2*x + o = 0, 0 = 2*v - 3*v - 2*x + 45. Is v a composite number?
False
Let h = -798 + 1117. Is h a composite number?
True
Let l = 1911 + -368. Is l a composite number?
False
Suppose l + 4 = 133. Is l a composite number?
True
Let i = -1 - -1. Suppose i = 2*u - 0*h + 2*h - 106, 5*u + 3*h = 257. Is u prime?
False
Suppose 2*n = n + 2*u + 99, -103 = -n + 4*u. Is n prime?
False
Let l = 503 - 346. Is l composite?
False
Suppose 0 = 4*z - z - 135. Let c = z - 30. Is c prime?
False
Let b(t) = -t + 4. Let v be b(-3). Let c be 2/v + (-2535)/(-21). Suppose -3*u + p + c + 319 = 0, 4*u - 5*p - 605 = 0. Is u composite?
True
Let l(n) = -5*n**2 - 2*n - 6. Let y(u) = -5*u**2 - u - 7. Let v = 0 + 2. Let a(g) = v*y(g) - 3*l(g). Is a(-3) a composite number?
False
Let z(d) = 49*d - 4. Let l = 5 - -6. Is z(l) a composite number?
True
Suppose 4*n + 4*s = 3*n + 51, n = s + 56. Suppose -5*q = -2*k + 77, -2*k + n = 2*q - 1. Is k a prime number?
True
Suppose -q + 81 = -34. Suppose 3*i = 2*i + q. Is i composite?
True
Let f = 3 - 3. Let h be 1/(f - (1 + -2)). Is 3*h + (-5 - -5) prime?
True
Suppose -2*j + 0*j = -10. Suppose 2*a - 6*a = 3*u - 1045, 762 = 3*a - j*u. Is a a prime number?
False
Let u(w) = -2*w + 7. Let m be u(4). Suppose 0*s + 5*s = 5. Is 1 + s + 80 - m a prime number?
True
Let p be (4/(-6))/((-4)/24). Is 1/(p/(508/1)) a composite number?
False
Let h = 945 + -526. Is h a prime number?
True
Let h(t) = 4*t. Let i be h(4). Let u = -23 - -32. Let r = i - u. Is r prime?
True
Let c be (-21)/(-4) + (-3)/12. Suppose 63 = c*u - 192. Is u composite?
True
Suppose -580 = -3*g + 5*a, -g - 2*a + 5 = -170. Is g a prime number?
False
Suppose 0 = 15*s - 26*s + 47597. Is s a prime number?
True
Suppose -h = -5*a + 392, a - 33 = 4*h + 34. Is a prime?
True
Let m(d) be the second derivative of d**4/4 - 11*d**2/2 + 3*d. Is m(-10) a prime number?
False
Let c = -5 + 8. Suppose -4*a - 108 = -2*q, -c*q + 2*q - 5*a + 26 = 0. Is q composite?
True
Let h be -3 + 3 + -2*1. Let u be 90/4 - h/(-4). Let v = 37 - u. Is v composite?
True
Let w = 3 - -8. Let v = 8 + w. Is v a composite number?
False
Let i(b) = b + 1. Suppose 0 = 2*z + g - 5, -5*g = -3*g + 10. Let j be i(z). Suppose -j*l - 3*y = -2*l - 634, -618 = -4*l + 5*y. Is l a composite number?
False
Is (2 + -1)/((-9)/(-1395)) a prime number?
False
Let t = -485 - -816. Is t a composite number?
False
Suppose 0 = 8*l - 5*l - 4197. Is l a composite number?
False
Is ((-106)/4)/((-2)/4) a prime number?
True
Suppose s = 11*s - 590. Is s prime?
True
Suppose 0 = 5*r - 3*t + 9, -5*r - t - 3 = -6. Suppose -j - 5*u - 131 = r, 3*j - 2*j - u + 161 = 0. Let a = -37 - j. Is a a prime number?
False
Let d(r) = 14*r**2 - 5*r - 2. Suppose 8*l = 4*l - 12. Is d(l) prime?
True
Let r(m) = -38*m**3 - 2*m**2 + 1. Let x be r(1). Is -34*x/(-6)*-1 a prime number?
False
Let g = 523 - -256. Is g a prime number?
False
Suppose 0 = -j + 51 + 50. Let x be ((-9)/2)/(2/(-16)). Let l = j - x. Is l a composite number?
True
Suppose -v - q - 2*q = 3, 3*q + 21 = 2*v. Is v/(-9)*6 + 189 a composite number?
True
Let c(q) = 167*q. Let r be c(1). Suppose -3*z + 143 = 5*x, 5*x = -0*z